99 composite?
True
Is 39354485 a composite number?
True
Is 40667399 a composite number?
False
Is 5529571 a composite number?
False
Is 1496707 composite?
False
Is 28343239 prime?
True
Is 16328947 a composite number?
True
Is 1519535 a composite number?
True
Is 39290323 prime?
True
Is 152363 composite?
False
Is 5364679 a prime number?
True
Is 1657549 a prime number?
False
Is 2953243 composite?
False
Is 1438467 prime?
False
Is 21978137 composite?
False
Is 12107137 a composite number?
True
Is 10461923 prime?
True
Is 13560481 a composite number?
True
Is 7652695 a composite number?
True
Is 1185071 a composite number?
False
Is 5839165 composite?
True
Is 63376637 a composite number?
False
Is 3903001 composite?
False
Is 17303537 a composite number?
False
Is 10882771 a prime number?
False
Is 39307361 a composite number?
True
Is 445712903 a prime number?
True
Is 23971 a prime number?
True
Is 158356937 a prime number?
True
Is 8396305 a composite number?
True
Is 2249537 a prime number?
True
Is 235699799 prime?
True
Is 1134229 a prime number?
False
Is 44564449 a composite number?
False
Is 117323971 composite?
False
Is 43325141 composite?
False
Is 38327329 a prime number?
False
Is 806919847 a prime number?
True
Is 471217811 composite?
False
Is 34231093 a composite number?
True
Is 11952355 a prime number?
False
Is 10980329 a composite number?
False
Is 14141399 composite?
True
Is 24737 composite?
True
Is 38599777 prime?
True
Is 10516687 prime?
False
Is 6260783 a prime number?
True
Is 2123983 composite?
False
Is 20934469 composite?
False
Is 740321 a composite number?
False
Is 1486441 a prime number?
False
Is 141892159 a composite number?
True
Is 586923949 composite?
False
Is 6513829 a prime number?
False
Is 16056717 composite?
True
Is 179551903 a composite number?
False
Is 3442759 a composite number?
False
Is 6435557 a composite number?
True
Is 428133 a composite number?
True
Is 1313723 a prime number?
True
Is 252978989 prime?
False
Is 22768723 prime?
True
Is 57364721 composite?
False
Is 9407881 a composite number?
True
Is 130654817 a composite number?
True
Is 10598303 a prime number?
True
Is 8317937 a composite number?
True
Is 7246297 a composite number?
True
Is 66898453 a prime number?
True
Is 19569817 composite?
True
Is 1442473 composite?
True
Is 3796811 a prime number?
True
Is 4613617 prime?
True
Is 65598269 prime?
False
Is 21614911 composite?
False
Is 6846485 composite?
True
Is 3530027 prime?
True
Is 23177939 a prime number?
True
Is 1584449 prime?
False
Is 21225943 a prime number?
True
Is 29929859 composite?
True
Is 423084709 a composite number?
True
Is 38795543 a prime number?
True
Is 23110051 composite?
False
Is 75465667 composite?
False
Is 18664771 a composite number?
True
Is 357943 composite?
True
Is 169693421 prime?
False
Is 131313097 composite?
False
Is 5382991 prime?
True
Is 152488687 a prime number?
False
Is 97151 a composite number?
False
Is 3744563 composite?
True
Is 3439157 a prime number?
False
Is 1622587 a prime number?
True
Is 79864849 composite?
False
Is 107466661 prime?
True
Is 1027679 composite?
False
Is 27192227 prime?
False
Is 10451603 a composite number?
True
Is 3642467 composite?
False
Is 1321115537 prime?
False
Is 552179 a composite number?
False
Is 947987 a composite number?
False
Is 2127883 composite?
False
Is 22261697 composite?
False
Is 546414277 a composite number?
True
Is 14221681 composite?
False
Is 53493542 a composite number?
True
Is 5925659 composite?
False
Is 121843 a prime number?
True
Is 262660133 a composite number?
False
Is 1713399 prime?
False
Is 4891703 composite?
False
Is 2283191 composite?
False
Is 1684519 prime?
False
Is 17688239 a composite number?
True
Is 4445013 composite?
True
Is 77723339 prime?
False
Is 290552659 a composite number?
True
Is 13809421 prime?
True
Is 66507563 composite?
False
Is 419158529 composite?
False
Is 19194197 composite?
True
Is 1168619 a composite number?
False
Is 1005182 prime?
False
Is 2989963 a prime number?
True
Is 22012633 a composite number?
True
Is 798887 prime?
True
Is 588067 a composite number?
True
Is 5063087 prime?
True
Is 4164877 a composite number?
False
Is 13334029 a prime number?
False
Is 2433421 composite?
False
Is 11725897 a composite number?
True
Is 178803455 a composite number?
True
Is 21045593 a prime number?
True
Is 159632549 a prime number?
True
Is 4474345 a prime number?
False
Is 755255 a composite number?
True
Is 58105921 a composite number?
False
Is 22957591 a composite number?
False
Is 408163 prime?
False
Is 1902737 a composite number?
False
Is 23171173 a prime number?
True
Is 268699 prime?
False
Is 66897569 prime?
True
Is 13760533 prime?
True
Is 5814877 a composite number?
True
Is 88318999 a composite number?
False
Is 44691931 a prime number?
False
Is 13771061 prime?
False
Is 3299291 a prime number?
True
Is 1250479 a prime number?
True
Is 16981787 composite?
False
Is 173736097 a composite number?
False
Is 362177 a prime number?
True
Is 5430757 a prime number?
True
Is 176837977 prime?
False
Is 209431 prime?
True
Is 368641541 prime?
True
Is 17756471 composite?
False
Is 43481 composite?
False
Is 3634399 a prime number?
False
Is 2514881 prime?
False
Is 716152373 composite?
False
Is 1673627 a prime number?
True
Is 10262671 composite?
True
Is 8032511 a composite number?
False
Is 599237819 composite?
False
Is 76241101 composite?
False
Is 259292699 prime?
True
Is 7479467 prime?
True
Is 74318279 a composite number?
True
Is 983399 a composite number?
True
Is 6456673 composite?
True
Is 7741367 a prime number?
True
Is 1652041 a composite number?
True
Is 8200334 a prime number?
False
Is 4385639 a composite number?
False
Is 104745061 composite?
True
Is 5123969 prime?
True
Is 12200263 a composite number?
False
Is 5585191 a composite number?
True
Is 149893727 a composite number?
True
Is 2925121 prime?
False
Is 121225051 a prime number?
True
Is 72787511 composite?
True
Is 38349895 a prime number?
False
Is 19818307 a composite number?
False
Is 8238511 prime?
False
Is 99304211 composite?
False
Is 506189 a composite number?
True
Is 5267867 composite?
True
Is 12323 a composite number?
False
Is 123373 a prime number?
True
Is 383036021 composite?
False
Is 1389282215 a prime number?
False
Is 11416859 a composite number?
False
Is 295048529 composite?
True
Is 8264027 a composite number?
False
Is 1064982343 a composite number?
False
Is 25296023 prime?
True
Is 11283949 a prime number?
True
Is 55762249 composite?
True
Is 44180809 prime?
True
Is 2668931 prime?
True
Is 61474019 composite?
False
Is 513433519 composite?
False
Is 417109421 a prime number?
True
Is 2500273 composite?
False
Is 25959113 prime?
False
Is 150542477 prime?
False
Is 167989753 prime?
True
Is 48437 composite?
False
Is 25857263 a prime number?
True
Is 10254841 prime?
True
Is 8160283 a composite number?
True
Is 617173 a prime number?
False
Is 27991507 a prime number?
True
Is 153176327 composite?
False
Is 92685031 a prime number?
False
Is 7146379 prime?
True
Is 1005101 a prime number?
True
Is 4998403 composite?
True
Is 71403103 composite?
True
Is 89596393 composite?
True
Is 75321193 a composite number?
False
Is 132941569 prime?
True
Is 317123 a composite number?
False
Is 339943 a composite number?
False
Is 687047 a prime number?
False
Is 192787573 a composite number?
True
Is 85470899 composite?
False
Is 25459327 a composite number?
False
Is 26767411 composite?
True
Is 32053683 composite?
True
Is 14969009 a composite number?
True
Is 74396447 composite?
False
Is 229907 a prime number?
False
Is 4103149 prime?
True
Is 17145655 a composite number?
True
Is 23665291 composite?
True
Is 281149753 prime?
False
Is 33243097 composite?
False
Is 6669289 a composite number?
True
Is 1319041 a composite number?
True
Is 2149283 a prime number?
True
Is 73642717 composite?
False
Is 2540513 composite?
False
Is 51180061 composite?
True
Is 120156287 composite?
True
Is 9796289 a prime number?
True
Is 229457 composite?
True
Is 4415497 prime?
True
Is 21624637 composite?
False
Is 124514626 a prime number?
False
Is 25595317 a prime number?
False
Is 155934167 a composite number?
False
Is 36147297 a composite number?
True
Is 46486909 a prime number?
False
Is 670031 composite?
False
Is 35485721 composite?
False
Is 1387273699 prime?
False
Is 17080199 a 